0 - (3 - 0)). Let x = f - 14. Suppose 3*y - 25 = -x*y. Calculate the greatest common divisor of 5 and y.
5
Suppose 189 = 7*b - 161. Calculate the greatest common divisor of b and 125.
25
Let m be 3632/112 - 6/14. Let y = m + -14. Suppose -4*s + 89 = -127. What is the highest common divisor of y and s?
18
Suppose -2*k + 8*g = 13*g - 3702, 0 = 3*k + 5*g - 5558. Calculate the highest common factor of 64 and k.
64
Let n = -127 - -91. Let b = n - -114. Suppose 5*v + b + 1 = 2*l, 71 = 2*l + 3*v. What is the highest common factor of 74 and l?
37
Suppose -307 + 46 = 3*l. Let x be 1/4 + l/(-12)*3. Let n be (-4)/1*110/(-8). What is the greatest common factor of n and x?
11
Suppose 2*f = 6, -2*p + 5*f + 17 = -8. Let b = 102 - 102. Suppose b = 61*t - 58*t - 60. What is the highest common divisor of t and p?
20
Suppose 6 = -2*s, s + 1 = 2*k - 2*s. Let q be (3/k)/(2/(-384)). Let g be 3/(-3) + (-15 - -52). What is the highest common divisor of g and q?
36
Suppose 5*h + 2*u - 39 = 0, 3*u = 5*h - 33 + 4. Suppose 0 = -s - h + 44. What is the highest common factor of s and 111?
37
Suppose f = 4*b + 5*f - 20, -2*b = -5*f - 38. Let l be (-4)/6*27/(-6). Calculate the highest common divisor of l and b.
3
Let l(z) = -46*z - 25. Let y be l(-4). Let m = y - 123. Suppose 266 - 986 = -4*x. What is the greatest common divisor of m and x?
36
Let t = 146 - 122. Suppose 25*f - 27 = t*f. What is the highest common divisor of 3 and f?
3
Let v(x) = -6*x**2 + 2. Let f be v(2). Let g = f + 32. Suppose -3*z + 34 + 56 = 0. What is the highest common factor of g and z?
10
Let y(j) = 32*j**3 - 9*j + 7. Let l be y(2). Calculate the greatest common factor of 455 and l.
35
Let q be 6 + -1 + 39 + -4. Let c = 539 - 379. What is the highest common divisor of q and c?
40
Let o = 109 - 69. Suppose 4*t - 56 = o. Calculate the highest common factor of 12 and t.
12
Let m(k) = k + 9. Let a be m(-11). Let r be (94 + 2)*a/(-4). Calculate the highest common factor of 6 and r.
6
Let j(x) = x**3 + 10*x**2 + 8*x + 10. Let o be 9*(3 - 16/4). Let q be j(o). Let b be (-1 + q/2)*2. What is the greatest common factor of 153 and b?
17
Suppose 5 + 3 = -4*i + 3*c, -2*i - 4 = 2*c. Let f be (14/(-4))/(i/4). Let a(h) = h**2 - 8*h + 11. Let q be a(f). What is the highest common factor of 44 and q?
4
Suppose q - 4 = -3*i - 1, 0 = -q + 2*i + 28. Let c(r) = -12*r + 60. Let x be c(4). What is the highest common divisor of q and x?
6
Suppose -144 = -5*l + 4*b, 3*b = -l + 2*b + 27. Calculate the highest common divisor of 112 and l.
28
Let l(p) = -2*p**2 + 70*p + 6. Let w be l(35). What is the highest common factor of 214 and w?
2
Suppose 3*b + 18 = 3*r, b - 1 = -0*b. Let o be 14/4*(9 + -5). What is the highest common divisor of o and r?
7
Suppose 28 = 2*r - 5*a, 2*r = 5*r + a - 8. Let f = 68 - 64. What is the highest common divisor of r and f?
4
Suppose 0 = -3*b + 6. Let s(n) be the first derivative of -n**3/3 - 7*n**2/2 - 7*n - 9. Let h be s(-5). What is the greatest common divisor of h and b?
1
Let m be (8/6)/((-30)/(-45)). Suppose 7 = -q + 3*w, -m*q + 4*w + 4 - 14 = 0. Let u be 55/((-3 + 2)/q). What is the highest common divisor of 11 and u?
11
Suppose v = 5*v - 60. Suppose v = -11*r + 14*r. What is the highest common factor of r and 55?
5
Let i be (-3 + -17)/((-6)/27). Suppose i = -4*v + 290. Let z = 11 + -1. What is the highest common divisor of v and z?
10
Let h be ((-1)/2)/((-3)/(-6)). Let c be 18/(-9*h/24). Calculate the highest common factor of 72 and c.
24
Let s = -82 - -1206. Suppose 956 + s = 13*q. Calculate the greatest common divisor of q and 64.
32
Let i be 2/6 + (-66)/(-18). Let q be (-1 + 0 + i)*2. Let u be (38/q + -3)*9. Calculate the greatest common divisor of 120 and u.
30
Let u be 9/(-6)*16/(-6). Let p = 88 - 56. What is the greatest common factor of u and p?
4
Let g be (-366)/(-54) + ((-20)/(-18))/5. Let b be (-2)/2*14/(-2). Calculate the greatest common divisor of g and b.
7
Let w be 4/(-30)*-6*5. Suppose -3*j = -w*j + 4. Suppose 0 = -3*b - 4*v + 38, -j*b - 4*v = -28 - 24. Calculate the greatest common factor of 126 and b.
14
Suppose 37*o - 36*o = 2. Suppose 0 = -0*u + 2*u - o*b - 56, 0 = -u + 4*b + 40. Calculate the highest common divisor of 12 and u.
12
Let f(b) = b**3 - 4*b**2 - 5*b + 6. Suppose 10 + 15 = 5*z. Let w be f(z). Let r = 46 + -31. Calculate the greatest common factor of r and w.
3
Suppose 57 = -2*s + 4*s - 3*t, 4*s + t - 79 = 0. What is the greatest common factor of s and 147?
21
Let q(m) be the first derivative of m**4/2 + m**3/3 - m**2/2 + 3*m + 7. Let t be q(-2). Let r = t - -23. What is the greatest common factor of 40 and r?
8
Suppose -f = -3*c - 42, -4*c + 7 = -2*f + 3*f. Let d = 65 + -29. What is the highest common factor of f and d?
9
Suppose 0 = -43*i + 31 + 227. What is the greatest common factor of i and 384?
6
Let r(i) be the third derivative of -i**6/120 - i**5/12 + i**4/8 - 4*i**3/3 + 13*i**2. Let x be r(-6). Calculate the highest common factor of 70 and x.
10
Let g be (-22)/(-99) + 52/9. Suppose 2*d - 4*d = 4. Let f(n) = -22*n - 2. Let u be f(d). Calculate the greatest common factor of u and g.
6
Let a be -15*10 - 4/(-2). Let o = a + 240. Let m(y) = 7*y - 12. Let p be m(5). What is the highest common divisor of o and p?
23
Let b(c) = 4*c**2 + 42*c - 207. Let i be b(-16). Suppose 0 = -u + 5*y - 0*y + 39, 0 = 5*y + 10. What is the greatest common divisor of u and i?
29
Suppose 5*i - 64 = 3*v, 2*i - 8*v - 13 = -11*v. What is the highest common factor of 11 and i?
11
Let y(j) = 4*j**3 + 2*j**2 - 3*j + 1. Suppose 0 = -2*n + n + 1. Let x be y(n). Let k = -11 + 17. Calculate the highest common divisor of k and x.
2
Let w = 68 + -14. Suppose v - 6 = -3*g + 10, 2*g = -5*v + w. What is the greatest common factor of 80 and v?
10
Suppose -z - 4*y = 0, z - 2*y = -y + 10. Let s(t) = -3*t + 244. Let d be s(60). What is the greatest common divisor of z and d?
8
Let u be 214/9 + (-2)/(-9). Suppose -3*g + u = -12. What is the greatest common factor of g and 96?
12
Suppose 0 = -40*h + 37*h - 3, 3*h = o - 23. What is the greatest common divisor of 3020 and o?
20
Let x(v) = -v**3 + 2*v**2 + 3*v - 3. Let p be x(-3). Suppose -3*q + p = 9. Let a = 155 - 91. Calculate the greatest common factor of q and a.
8
Let m(u) = -6*u**2 + 76*u + 48. Let z be m(13). Calculate the highest common divisor of z and 715.
11
Suppose 0*v - 4*d + 166 = 3*v, 57 = v + d. Let q be 32/24 + v/3. What is the greatest common factor of 55 and q?
11
Suppose -3*m + m + 52 = 0. Let u(x) = x**2 + 20*x + 105. Let a be u(-13). Let h = m - a. What is the highest common divisor of 6 and h?
6
Let w be 1 + -4 - (5 + -80 - -2). Calculate the greatest common divisor of w and 105.
35
Suppose 0 = -312*r + 329*r - 17629. Calculate the greatest common divisor of 61 and r.
61
Let r = 22 + -16. Let i = 13 - r. Suppose 6 = i*t - 15. What is the highest common divisor of 12 and t?
3
Let c(w) be the first derivative of -w**3/3 - 13*w**2/2 + 6*w + 11. Let m be c(-11). What is the highest common divisor of 28 and m?
28
Suppose 7*t = 8*t - 3. Suppose -y + t*y + 2*h = 120, -3*h - 212 = -4*y. Let s be 14/4*(4 + 0). What is the greatest common divisor of y and s?
14
Suppose s + 4*j - 32 = -12, -5*s + j + 142 = 0. What is the highest common divisor of s and 70?
14
Let k be 28/6 + 20/(-30). Let i = 20 + k. Let c be i/(-12)*34/(-4). Calculate the greatest common factor of 187 and c.
17
Suppose 45*h - 76*h = -5890. Calculate the greatest common factor of 50 and h.
10
Let b be -6*(80/(-5) + 6 - 1). What is the greatest common divisor of b and 30?
6
Let o = 274 - -13. Let y be o/6 + (116/(-24) - -5). What is the greatest common factor of y and 6?
6
Let q be 6 - (7 - 4) - (-2 + -31). Calculate the highest common factor of q and 1152.
36
Let z(x) = 98*x**2 - x - 1. Suppose -4*s + g - 9 = 0, 2*g - 4*g = s - 9. Let o be z(s). Calculate the greatest common factor of o and 28.
14
Suppose i - 6 = -h - 2, 0 = -3*h + 5*i - 4. Suppose h*f = f + 23. Calculate the highest common factor of 46 and f.
23
Let f(s) = 25*s**2 - 3*s - 4. Let c be f(2). Calculate the greatest common divisor of c and 30.
30
Let u be ((-96)/10)/((-24)/80). Suppose 0 = -5*w - t + 955, -3*t + 6*t = 3*w - 591. Calculate the highest common factor of w and u.
32
Let f(b) = 17*b - 3. Let n